{"id":428,"date":"2017-11-09T12:07:09","date_gmt":"2017-11-09T12:07:09","guid":{"rendered":"http:\/\/territorisvius.upc.edu\/?page_id=428"},"modified":"2017-12-14T10:19:21","modified_gmt":"2017-12-14T10:19:21","slug":"barceloneta-i-el-front-litoral-de-barcelona","status":"publish","type":"page","link":"https:\/\/territorisvius.upc.edu\/?page_id=428","title":{"rendered":"Barceloneta i el front Litoral de Barcelona"},"content":{"rendered":"<p>Barcelona va ser durant molts segles una ciutat emmurallada que vivia d\u2019esquenes al mar. Resseguirem la relaci\u00f3 de la ciutat amb el mar des de la construcci\u00f3 de la Barceloneta al segle XVIII, rememorem el seu passat de barraquisme, ciutats invisibles d\u2019un passat ple de mis\u00e8ria per\u00f2 tamb\u00e9 d\u2019organitzaci\u00f3 ve\u00efnal i lluita social, i coneixerem les diferents etapes de la construcci\u00f3 del Front mar\u00edtim, fins arribar als nostres dies.<\/p>\n<blockquote><p>Observarem la seva transformaci\u00f3 de zona de pescadors en zona industrial per acabar esdevenint zona tur\u00edstica, parant especial atenci\u00f3 a les problem\u00e0tiques de la funci\u00f3 actual.<\/p><\/blockquote>\n<p>El recorregut per\u00a0 la Barceloneta ens permetr\u00e0 entendre la construcci\u00f3 del barri al segle XVIII i el seu desenvolupament industrial posterior, fins a arribar a l\u2019actualitat amb l&#8217;obertura cap al mar i la construcci\u00f3 de la primera fase del front mar\u00edtim. Revisarem tamb\u00e9 les causes \u00a0de la construcci\u00f3 dels barris de barraques en aquesta zona i com es va acabar amb la seva destrucci\u00f3. Tot aix\u00f2 forma part del passar lluny\u00e0 i recent del front litoral.<\/p>\n<p><img loading=\"lazy\" decoding=\"async\" class=\"wp-image-471 aligncenter\" src=\"http:\/\/territorisvius.upc.edu\/wp-content\/uploads\/2017\/11\/1-casa-barceloneta-foto-JAF.jpg\" alt=\"\" width=\"290\" height=\"175\" \/><img loading=\"lazy\" decoding=\"async\" class=\" wp-image-472 aligncenter\" src=\"http:\/\/territorisvius.upc.edu\/wp-content\/uploads\/2017\/11\/casasbarceloneta.jpg\" alt=\"\" width=\"461\" height=\"208\" \/><\/p>\n<p>Per\u00f2 \u00a0dedicarem una part important\u00a0de l&#8217;itinerari al moment actual, per explicar la problem\u00e0tica amb els pisos tur\u00edstics, la reconversi\u00f3 del Port Vell en un complex d&#8217;\u00fas privatitzat, la construcci\u00f3 de la marina de luxe, l\u2019hotel Vela, etc.\u00a0 Comen\u00e7arem l&#8217;itinerari a la Barceloneta, davant de la &#8220;<strong>Casa de la Barceloneta 1761<\/strong>&#8221; que conserva la seva forma i estructura original (per poder explicar el projecte urban\u00edstic i la problem\u00e0tica dels quarts de casa), despr\u00e9s anirem cap a <strong>la Marina de luxe<\/strong> i avan\u00e7arem cap a<strong> l&#8217;hotel Vela<\/strong> per despr\u00e9s retrocedir i anar en direcci\u00f3 <strong>Somorrostro<\/strong> i anar acostant-nos a la <strong>Vila Ol\u00edmpica<\/strong> i poder con\u00e8ixer el canvi urban\u00edstic que es va produir arran del \u201892 tamb\u00e9 de la seva construcci\u00f3. A causa del recorregut, tot i comen\u00e7ar per la part hist\u00f2rica per explicar la construcci\u00f3 de la Barceloneta, anir\u00edem combinant les explicacions passat i present, intentant resseguir l&#8217;evoluci\u00f3 i el perqu\u00e8 de cada cosa.<\/p>\n<p>El front litoral de Barcelona, l&#8217;abans i el despr\u00e9s.<\/p>\n<p><img loading=\"lazy\" decoding=\"async\" class=\"size-full wp-image-477\" src=\"http:\/\/territorisvius.upc.edu\/wp-content\/uploads\/2017\/11\/1476396448435.jpg\" alt=\"\" width=\"1200\" height=\"386\" \/><\/p>\n<p>Las barracas de Somorrostro<\/p>\n<p><img loading=\"lazy\" decoding=\"async\" class=\"wp-image-479 aligncenter\" src=\"http:\/\/territorisvius.upc.edu\/wp-content\/uploads\/2017\/11\/barracas-somorrostro.jpg\" alt=\"\" width=\"343\" height=\"420\" \/>\u00a0P\u00e0gines d&#8217;interes:<\/p>\n<ul>\n<li><a href=\"http:\/\/www.barcelonetapladebarris.cat\/pinzelada_historia.php?idioma=1\">Pla de Barris Barceloneta<\/a><\/li>\n<li><a href=\"http:\/\/lameva.barcelona.cat\/es\/que-hacer-en-bcn\/banos-y-playas\/historia-de-las-playas\">Barcelona.cat<\/a><\/li>\n<\/ul>\n<p>&nbsp;<\/p>\n","protected":false},"excerpt":{"rendered":"<p>Barcelona va ser durant molts segles una ciutat emmurallada que vivia d\u2019esquenes al mar. Resseguirem la relaci\u00f3 de la ciutat amb el mar des de la construcci\u00f3 de la Barceloneta al segle XVIII, rememorem el seu passat de barraquisme, ciutats invisibles d\u2019un passat ple de mis\u00e8ria per\u00f2 tamb\u00e9 d\u2019organitzaci\u00f3 ve\u00efnal i lluita social, i coneixerem &hellip; <\/p>\n<p class=\"link-more\"><a href=\"https:\/\/territorisvius.upc.edu\/?page_id=428\" class=\"read-more\"><span class=\"screen-reader-text\">Barceloneta i el front Litoral de Barcelona<\/span><\/a><\/p>\n","protected":false},"author":5,"featured_media":475,"parent":409,"menu_order":2,"comment_status":"closed","ping_status":"closed","template":"","meta":{"footnotes":""},"class_list":["post-428","page","type-page","status-publish","has-post-thumbnail","hentry"],"_links":{"self":[{"href":"https:\/\/territorisvius.upc.edu\/index.php?rest_route=\/wp\/v2\/pages\/428","targetHints":{"allow":["GET"]}}],"collection":[{"href":"https:\/\/territorisvius.upc.edu\/index.php?rest_route=\/wp\/v2\/pages"}],"about":[{"href":"https:\/\/territorisvius.upc.edu\/index.php?rest_route=\/wp\/v2\/types\/page"}],"author":[{"embeddable":true,"href":"https:\/\/territorisvius.upc.edu\/index.php?rest_route=\/wp\/v2\/users\/5"}],"replies":[{"embeddable":true,"href":"https:\/\/territorisvius.upc.edu\/index.php?rest_route=%2Fwp%2Fv2%2Fcomments&post=428"}],"version-history":[{"count":7,"href":"https:\/\/territorisvius.upc.edu\/index.php?rest_route=\/wp\/v2\/pages\/428\/revisions"}],"predecessor-version":[{"id":487,"href":"https:\/\/territorisvius.upc.edu\/index.php?rest_route=\/wp\/v2\/pages\/428\/revisions\/487"}],"up":[{"embeddable":true,"href":"https:\/\/territorisvius.upc.edu\/index.php?rest_route=\/wp\/v2\/pages\/409"}],"wp:featuredmedia":[{"embeddable":true,"href":"https:\/\/territorisvius.upc.edu\/index.php?rest_route=\/wp\/v2\/media\/475"}],"wp:attachment":[{"href":"https:\/\/territorisvius.upc.edu\/index.php?rest_route=%2Fwp%2Fv2%2Fmedia&parent=428"}],"curies":[{"name":"wp","href":"https:\/\/api.w.org\/{rel}","templated":true}]}}