{"id":2,"date":"2016-06-07T08:13:14","date_gmt":"2016-06-07T08:13:14","guid":{"rendered":"http:\/\/territorisvius.upc.edu\/?page_id=2"},"modified":"2017-02-15T18:48:54","modified_gmt":"2017-02-15T18:48:54","slug":"sample-page","status":"publish","type":"page","link":"https:\/\/territorisvius.upc.edu\/?page_id=2","title":{"rendered":"El projecte docent"},"content":{"rendered":"<p>El projecte Territoris vius \u00e9s una iniciativa docent amb l\u2019objectiu de dotar als estudiants de capacitat d\u2019an\u00e0lisi i visi\u00f3 critica en el proc\u00e9s d\u2019intervenci\u00f3 en el territori i en l\u2019an\u00e0lisi dels impactes socioambientals i urban\u00edstics que una l\u2019actuaci\u00f3 comporta.<\/p>\n<p>Amb els treballs dels estudiants realitzats durant el curs es vol generar un inventari de casos i conflictes, sobre actuacions en l\u2019espai urb\u00e0 i el territori, posant atenci\u00f3 especial en l\u2019impacte social i ambiental de les transformacions produ\u00efdes. La publicaci\u00f3 de les aportacions dels estudiants en un blog en obert\u00a0pret\u00e9n esdevenir una motivaci\u00f3 que repercuteixi positivament en el seu aprenentatge.<\/p>\n<p>Aquest blog ha estat creat per les professores <a href=\"mailto:elisabet.roca@upc.edu\">Elisabet Roca<\/a> i <a href=\"mailto:miriam.villares@upc.edu\">M\u00edriam Villares<\/a>, del <a href=\"http:\/\/itt.upc.edu\/recerca-i-publicacions\/laboratoris\/lesec\">Laboratori d\u2019Estudis Socials de l\u2019Enginyeria Civil<\/a>, \u00a0amb l\u2019ajut atorgat per l\u2019Escola de Camins en la convocat\u00f2ria d\u2019Innovaci\u00f3 Docent del 2016. El projecte es nodreix dels continguts de les assignatures d&#8217;Impactes socials de les Obres P\u00fabliques, Elements d&#8217;Urbanitzaci\u00f3 i Gesti\u00f3 del Medi Urb\u00e0 i Fonaments de les Ci\u00e8ncies Socials i An\u00e0lisi dels Conflictes Socio-ambientals del\u00a0<a href=\"https:\/\/camins.upc.edu\/ca\/estudis\/grau\/geop\">Grau en Enginyeria d\u2019Obres P\u00fabliques\u00a0<\/a>i del\u00a0<a href=\"https:\/\/cts.masters.upc.edu\/ca\">M\u00e0ster Universitari en Ci\u00e8ncia i Tecnologia\u00a0de la Sostenibilitat<\/a>, impartits a la Universitat Polit\u00e8cnica de Catalunya.<\/p>\n<p>&nbsp;<\/p>\n<p>&nbsp;<\/p>\n<p><img loading=\"lazy\" decoding=\"async\" class=\"alignnone wp-image-346\" src=\"http:\/\/territorisvius.upc.edu\/wp-content\/uploads\/2016\/06\/logo1.jpg\" alt=\"\" width=\"253\" height=\"99\" \/><img loading=\"lazy\" decoding=\"async\" class=\"alignnone wp-image-345\" src=\"http:\/\/territorisvius.upc.edu\/wp-content\/uploads\/2016\/06\/logo-2.png\" alt=\"\" width=\"327\" height=\"87\" \/><\/p>\n","protected":false},"excerpt":{"rendered":"<p>El projecte Territoris vius \u00e9s una iniciativa docent amb l\u2019objectiu de dotar als estudiants de capacitat d\u2019an\u00e0lisi i visi\u00f3 critica en el proc\u00e9s d\u2019intervenci\u00f3 en el territori i en l\u2019an\u00e0lisi dels impactes socioambientals i urban\u00edstics que una l\u2019actuaci\u00f3 comporta. Amb els treballs dels estudiants realitzats durant el curs es vol generar un inventari de casos &hellip; <\/p>\n<p class=\"link-more\"><a href=\"https:\/\/territorisvius.upc.edu\/?page_id=2\" class=\"read-more\"><span class=\"screen-reader-text\">El projecte docent<\/span><\/a><\/p>\n","protected":false},"author":1,"featured_media":365,"parent":0,"menu_order":0,"comment_status":"closed","ping_status":"open","template":"","meta":{"footnotes":""},"class_list":["post-2","page","type-page","status-publish","has-post-thumbnail","hentry"],"_links":{"self":[{"href":"https:\/\/territorisvius.upc.edu\/index.php?rest_route=\/wp\/v2\/pages\/2","targetHints":{"allow":["GET"]}}],"collection":[{"href":"https:\/\/territorisvius.upc.edu\/index.php?rest_route=\/wp\/v2\/pages"}],"about":[{"href":"https:\/\/territorisvius.upc.edu\/index.php?rest_route=\/wp\/v2\/types\/page"}],"author":[{"embeddable":true,"href":"https:\/\/territorisvius.upc.edu\/index.php?rest_route=\/wp\/v2\/users\/1"}],"replies":[{"embeddable":true,"href":"https:\/\/territorisvius.upc.edu\/index.php?rest_route=%2Fwp%2Fv2%2Fcomments&post=2"}],"version-history":[{"count":9,"href":"https:\/\/territorisvius.upc.edu\/index.php?rest_route=\/wp\/v2\/pages\/2\/revisions"}],"predecessor-version":[{"id":369,"href":"https:\/\/territorisvius.upc.edu\/index.php?rest_route=\/wp\/v2\/pages\/2\/revisions\/369"}],"wp:featuredmedia":[{"embeddable":true,"href":"https:\/\/territorisvius.upc.edu\/index.php?rest_route=\/wp\/v2\/media\/365"}],"wp:attachment":[{"href":"https:\/\/territorisvius.upc.edu\/index.php?rest_route=%2Fwp%2Fv2%2Fmedia&parent=2"}],"curies":[{"name":"wp","href":"https:\/\/api.w.org\/{rel}","templated":true}]}}